ivisor of 66 and w?
6
Suppose 15*y = 12*y - 4*n + 866, -4*y - 4*n + 1156 = 0. Calculate the greatest common divisor of 10 and y.
10
Suppose 0 = 4*i + 8, -5*g + 86 = -i + 3*i. Let q = 18 - g. Suppose q*j - 5*b - 60 = -3*j, 0 = 4*b. What is the greatest common factor of 30 and j?
10
Let a = 67 + -53. Suppose a - 25 = -z. What is the greatest common factor of 44 and z?
11
Let h be (72 + -4)/((-1)/((-3)/6)). Calculate the highest common factor of 68 and h.
34
Suppose 33870 = 110*y - 19590. What is the highest common factor of y and 144?
18
Let s = 1742 + -1638. What is the greatest common divisor of 184 and s?
8
Suppose -9*l + 329 = -1624. What is the greatest common divisor of 124 and l?
31
Suppose o + g = 247, -1685 = -5*o - 4*g - 445. What is the highest common divisor of 112 and o?
28
Suppose -3*s - 3*z + 297 = 0, 437 - 41 = 4*s + 3*z. Calculate the greatest common factor of s and 55.
11
Suppose -516 = 18*g - 1380. Let n(c) = c**3 - 6*c**2 - 4*c - 5. Let k be n(7). Calculate the greatest common factor of g and k.
16
Let f = 28 + -21. Suppose 19 = n + f. What is the greatest common divisor of 6 and n?
6
Let h be ((-7)/28)/(1/(-4)). Let g(s) = -s**2 + 7*s + 3. Let b be g(7). Suppose -9 = -b*m, i + m = 2*i - h. What is the highest common divisor of 4 and i?
4
Suppose -61*y + 53*y = -72. Let t be (1 - (-6 + y))*45/(-2). What is the greatest common divisor of t and 15?
15
Let x = -7 - -13. Suppose 4*p + x = 3*l - l, -4*l + 5*p = -18. Let z be 65 - (4 + 7/((-21)/6)). Calculate the greatest common divisor of l and z.
7
Let x be (-7 + 6)*(-9 + 2) - -3. What is the highest common divisor of x and 230?
10
Suppose -8 = 12*t - 14*t. Suppose -t*f + 18 = -6*f - 2*l, 0 = -2*f - 4*l - 8. Let j be (6/7)/((-4)/f). Calculate the highest common divisor of j and 2.
1
Let c(q) = 8*q - 20. Let z be c(10). Suppose -3*g - 3 - z = -4*m, 0 = -3*m + 4*g + 49. What is the highest common divisor of 15 and m?
15
Suppose -58 = 4*w + 178. Let l = w - -101. Suppose l - 6 = 4*q. What is the greatest common factor of q and 3?
3
Let f = -8 + 18. Let q be (f/4)/((-25)/(-20)). Calculate the highest common factor of 16 and q.
2
Suppose -i + 3*r = 4*i - 147, 0 = -i - 4*r + 34. What is the greatest common divisor of 210 and i?
30
Let f(o) = -o**3 - 6*o - 2 + 6*o + 6*o + 4*o**2. Let s be f(5). Suppose 3*u = 22 - 4. Calculate the greatest common divisor of u and s.
3
Suppose -21*t - 474 + 2154 = 0. Calculate the highest common factor of 176 and t.
16
Suppose 2*q = -4*r + 10, 0*q - 8 = r + 4*q. Suppose -11*c = 60 - 324. Suppose -r*g + 7*g = c. Calculate the greatest common divisor of g and 8.
8
Suppose 4*l + t - 8565 = -880, -3*t = 2*l - 3855. What is the highest common divisor of 15 and l?
15
Let d(s) = -2*s**2 - 4*s + 676. Let t be d(0). What is the highest common divisor of 104 and t?
52
Let u(v) = 321 + 2*v + 142 - v**3 - 89. Let g be u(0). What is the highest common divisor of 34 and g?
34
Suppose 9*l - 17 = 109. Calculate the greatest common factor of 266 and l.
14
Let p be 66 + (1 + 0)*-1. Let w = 38 + -38. Suppose 3*y + 71 = 5*r, w*r = -r + 4*y + 21. What is the greatest common factor of r and p?
13
Let s = 920 + -655. Calculate the greatest common factor of 15 and s.
5
Suppose 61 = -10*b + 251. Calculate the highest common divisor of 475 and b.
19
Let s(u) = -2*u**2 + 24*u - 20. Suppose 3*k - 3*i - 27 - 9 = 0, k + 3 = -4*i. Let v be s(k). What is the highest common factor of v and 51?
17
Let n(i) = 8*i**2 - 5*i + 13. Let o be n(3). Let v(g) = -g**2 - g + 5. Let j be v(0). Suppose 33 = -j*c + 173. Calculate the greatest common factor of c and o.
14
Let j(t) = 2*t**3 + 111*t**2 - 59*t + 68. Let c be j(-56). What is the highest common divisor of 59 and c?
59
Suppose 90 = 2*h + 3*h. Let x = -18 + 108. Calculate the highest common divisor of h and x.
18
Let k = -491 + 646. What is the greatest common divisor of 62 and k?
31
Suppose -m + 143 = 135. Calculate the greatest common factor of m and 776.
8
Let f(k) = 4*k - 12. Let t be f(4). Suppose h + t*y = 120, -3*y = 2*h + y - 228. Calculate the greatest common factor of 12 and h.
12
Let a = 13 - 7. Suppose -2*w - 3*s + 22 = 2*w, 0 = 2*w - s - a. Let c be -2 - 5 - -11 - (-28 + 0). What is the greatest common divisor of w and c?
4
Suppose -u - 4*u + 20 = -5*s, u - 7 = 2*s. Let x be (-1 + 194 - u) + 0. Calculate the highest common divisor of x and 24.
24
Suppose 2*a = 5*t + 57, 2*a + 4*t - t - 65 = 0. Let u be -8 + (-10 - -170) + 2 + 1. Calculate the greatest common factor of u and a.
31
Let b(i) = -5*i + 10. Let s be b(2). Suppose -4*v + s*t + 363 = 3*t, 2*t + 358 = 4*v. What is the greatest common factor of v and 135?
45
Let s be 9/9 + 4 + -1. Suppose 5*d - 5*h + 8*h + 552 = 0, 0 = s*d + 4*h + 448. Let p be -3 - (3 - 2) - d. Calculate the greatest common divisor of 13 and p.
13
Let a be -11 + 18 + (0 - -1 - 0). What is the greatest common divisor of a and 32?
8
Suppose 4*l - 4*z = 6540, 5*l + 2*z - 6510 = l. Calculate the greatest common divisor of l and 10.
10
Let y = -1366 - -1410. What is the greatest common divisor of y and 84?
4
Suppose -11*i + i = -50. Let x(b) = 9*b**2 + 5*b - 5. Let d be x(i). Calculate the highest common factor of d and 49.
49
Let z(y) = y**3 + 25*y**2 + 45*y - 14. Let i be z(-23). What is the highest common factor of 810 and i?
9
Suppose s = w - 20, 0 = -3*w - s - 3 + 47. Calculate the highest common divisor of w and 1192.
8
Let q(v) = v**3 + 12*v**2 + 27*v + 34. Let c be q(-7). Calculate the highest common divisor of c and 390.
30
Let r = -104 + 110. Calculate the highest common factor of r and 126.
6
Let g(f) be the third derivative of f**5/60 + f**4/24 + 5*f**3/6 + 3*f**2. Let m be g(0). What is the highest common divisor of 25 and m?
5
Let m = -10 - 73. Let t = m - -115. What is the highest common divisor of 4 and t?
4
Suppose -2*z + 14929 = 5*g, 0 = -g - 10*z + 14*z + 2999. What is the highest common divisor of 103 and g?
103
Suppose 170 = 21*f - 166. Calculate the greatest common factor of f and 616.
8
Let m(o) = 3*o**2. Let t be m(1). Suppose -8*h = -t*h - 105. Suppose -h = -f - 2*f. What is the greatest common divisor of 1 and f?
1
Suppose -88*g = -87*g - 48. Let a be ((-1840)/g)/(1/(-3)). What is the highest common divisor of a and 5?
5
Let n(m) = 192*m**2 + 7*m + 2. Let a be n(-2). Calculate the highest common divisor of 28 and a.
28
Let j = -207 + -140. Let g = j + 545. Calculate the highest common divisor of 18 and g.
18
Let n(w) = 4*w**2 + 29. Let v be n(-8). What is the greatest common factor of v and 3?
3
Suppose 22*y - 96 = 10*y. Calculate the greatest common divisor of 40 and y.
8
Suppose -5*f + 9*f = 16. Suppose -2*b + 3*r = -19, -f*r - 23 + 3 = 0. What is the greatest common factor of 16 and b?
2
Suppose 0 = -c - 2*n + 1, -2*c + 5*n - 3*n + 2 = 0. Let o = 7 - c. Suppose 0 = -29*r + 33*r - 192. What is the highest common factor of r and o?
6
Let v be ((-1)/3)/((-4)/36) - -21. What is the highest common factor of 84 and v?
12
Suppose u - 44 = 2*d, 2*u - 2*d + 3*d - 78 = 0. Suppose -16 = -7*r + 5*r. What is the greatest common factor of u and r?
8
Suppose 28*a - 26*a = -96. Let h = a - -153. What is the highest common factor of 42 and h?
21
Let a be (1 + -8)*(-114)/21. Calculate the greatest common factor of a and 646.
38
Suppose -450*q + 6732 + 6873 - 2805 = 0. Let o(a) = 2*a**2 + 2*a. Let d = -8 - -13. Let x be o(d). Calculate the greatest common factor of q and x.
12
Let n(q) = q**3 - q**2 - 2*q - 2. Let t be n(5). Calculate the greatest common divisor of 8 and t.
8
Let o(x) = -14*x - 82. Let z be o(-39). Calculate the greatest common factor of 16 and z.
16
Suppose q - 45 = -2*i, 0*q = 3*q + 4*i - 145. What is the highest common factor of 90 and q?
5
Let h = 1387 + -836. Calculate the highest common factor of h and 29.
29
Suppose 0 = -c - 5*f + 6, f - 58 = -2*c - 10. Calculate the highest common factor of 65 and c.
13
Suppose 16*r - 288 = 24*r. Let g be r/126 - 58/(-7). What is the greatest common divisor of 88 and g?
8
Let w(v) = -v**3 + 7*v**2 - 9*v + 1. Let p be w(5). Suppose -213 = 2*d - 5*d. Let j = p + d. What is the highest common divisor of 11 and j?
11
Let p(c) = 46*c + 616. Let s be p(-10). Calculate the greatest common divisor of 24 and s.
12
Let o = -1493 - -1504. Let b be (